{"id":47,"date":"2023-08-13T15:09:35","date_gmt":"2023-08-13T13:09:35","guid":{"rendered":"https:\/\/ensemblechoralmixtedelyon.fr\/?page_id=47"},"modified":"2024-09-17T14:19:07","modified_gmt":"2024-09-17T12:19:07","slug":"mentions-legales","status":"publish","type":"page","link":"https:\/\/ensemblechoralmixtedelyon.fr\/index.php\/mentions-legales\/","title":{"rendered":"Mentions l\u00e9gales"},"content":{"rendered":"\n<div class=\"wp-block-columns is-layout-flex wp-container-core-columns-is-layout-9d6595d7 wp-block-columns-is-layout-flex\">\n<div class=\"wp-block-column is-layout-flow wp-block-column-is-layout-flow\">\n<p>L&rsquo;Ensemble Choral Mixte de Lyon (ECML) est une association loi 1901 immatricul\u00e9e \u00e0 la Pr\u00e9fecture de Lyon sous le num\u00e9ro W691058082.<\/p>\n\n\n\n<p>L&rsquo;association a \u00e9t\u00e9 fond\u00e9e le 28 Novembre1957 et son objet est la pratique du chant choral.<\/p>\n\n\n\n<p>Adresse du si\u00e8ge social : chez Madame Marie-Jo\u00eblle Nodet 79 rue Paul Verlaine 69100 Villeurbanne<\/p>\n\n\n\n<p>Pour toute question, vous pouvez nous \u00e9crire : <a href=\"mailto:ecml1957@gmail.com\">ecml1957@gmail.com<\/a><\/p>\n<\/div>\n<\/div>\n\n\n\n<p><\/p>\n","protected":false},"excerpt":{"rendered":"<p>L&rsquo;Ensemble Choral Mixte de Lyon (ECML) est une association loi 1901 immatricul\u00e9e \u00e0 la Pr\u00e9fecture de Lyon sous le num\u00e9ro W691058082. L&rsquo;association a \u00e9t\u00e9 fond\u00e9e le 28 Novembre1957 et son objet est la pratique du chant choral. Adresse du si\u00e8ge social : chez Madame Marie-Jo\u00eblle Nodet 79 rue Paul Verlaine 69100 Villeurbanne Pour toute question, [&hellip;]<\/p>\n","protected":false},"author":1,"featured_media":0,"parent":0,"menu_order":0,"comment_status":"closed","ping_status":"closed","template":"","meta":{"footnotes":""},"class_list":["post-47","page","type-page","status-publish","hentry"],"_links":{"self":[{"href":"https:\/\/ensemblechoralmixtedelyon.fr\/index.php\/wp-json\/wp\/v2\/pages\/47","targetHints":{"allow":["GET"]}}],"collection":[{"href":"https:\/\/ensemblechoralmixtedelyon.fr\/index.php\/wp-json\/wp\/v2\/pages"}],"about":[{"href":"https:\/\/ensemblechoralmixtedelyon.fr\/index.php\/wp-json\/wp\/v2\/types\/page"}],"author":[{"embeddable":true,"href":"https:\/\/ensemblechoralmixtedelyon.fr\/index.php\/wp-json\/wp\/v2\/users\/1"}],"replies":[{"embeddable":true,"href":"https:\/\/ensemblechoralmixtedelyon.fr\/index.php\/wp-json\/wp\/v2\/comments?post=47"}],"version-history":[{"count":4,"href":"https:\/\/ensemblechoralmixtedelyon.fr\/index.php\/wp-json\/wp\/v2\/pages\/47\/revisions"}],"predecessor-version":[{"id":354,"href":"https:\/\/ensemblechoralmixtedelyon.fr\/index.php\/wp-json\/wp\/v2\/pages\/47\/revisions\/354"}],"wp:attachment":[{"href":"https:\/\/ensemblechoralmixtedelyon.fr\/index.php\/wp-json\/wp\/v2\/media?parent=47"}],"curies":[{"name":"wp","href":"https:\/\/api.w.org\/{rel}","templated":true}]}}

Mentions légales

<div class="wp-block-columns is-layout-flex wp-container-core-columns-is-layout-9d6595d7 wp-block-columns-is-layout-flex">
<div class="wp-block-column is-layout-flow wp-block-column-is-layout-flow">
<p>L&rsquo;Ensemble Choral Mixte de Lyon (ECML) est une association loi 1901 immatriculée à la Préfecture de Lyon sous le numéro W691058082.</p>



<p>L&rsquo;association a été fondée le 28 Novembre1957 et son objet est la pratique du chant choral.</p>



<p>Adresse du siège social : chez Madame Marie-Joëlle Nodet 79 rue Paul Verlaine 69100 Villeurbanne</p>



<p>Pour toute question, vous pouvez nous écrire : <a href="mailto:ecml1957@gmail.com">ecml1957@gmail.com</a></p>
</div>
</div>



<p></p>

<p>L&rsquo;Ensemble Choral Mixte de Lyon (ECML) est une association loi 1901 immatriculée à la Préfecture de Lyon sous le numéro W691058082. L&rsquo;association a été fondée le 28 Novembre1957 et son objet est la pratique du chant choral. Adresse du siège social : chez Madame Marie-Joëlle Nodet 79 rue Paul Verlaine 69100 Villeurbanne Pour toute question, [&hellip;]</p>
